{"id":31,"date":"2023-11-28T16:22:34","date_gmt":"2023-11-28T15:22:34","guid":{"rendered":"https:\/\/hederafelix.fr\/?page_id=31"},"modified":"2023-11-30T12:19:05","modified_gmt":"2023-11-30T11:19:05","slug":"presentation-a-propos","status":"publish","type":"page","link":"https:\/\/hederafelix.fr\/","title":{"rendered":"A propos"},"content":{"rendered":"\n<p>HEDERA FELIX intervient \u00e0 Orry la Ville et aux alentours pour vous accompagner dans l\u2019am\u00e9nagement et l\u2019entretien \u00e9cologiques de vos espaces verts et de vos jardins.<\/p>\n\n\n\n<div class=\"wp-block-media-text is-stacked-on-mobile is-image-fill\" style=\"grid-template-columns:60% auto\"><figure class=\"wp-block-media-text__media\" style=\"background-image:url(https:\/\/hederafelix.fr\/wp-content\/uploads\/2023\/11\/IMG_20220505_154017-1024x767.jpg);background-position:47% 45%\"><img loading=\"lazy\" decoding=\"async\" width=\"1024\" height=\"767\" src=\"https:\/\/hederafelix.fr\/wp-content\/uploads\/2023\/11\/IMG_20220505_154017-1024x767.jpg\" alt=\"\" class=\"wp-image-525 size-large\" srcset=\"https:\/\/hederafelix.fr\/wp-content\/uploads\/2023\/11\/IMG_20220505_154017-1024x767.jpg 1024w, https:\/\/hederafelix.fr\/wp-content\/uploads\/2023\/11\/IMG_20220505_154017-300x225.jpg 300w, https:\/\/hederafelix.fr\/wp-content\/uploads\/2023\/11\/IMG_20220505_154017-768x575.jpg 768w, https:\/\/hederafelix.fr\/wp-content\/uploads\/2023\/11\/IMG_20220505_154017-1536x1150.jpg 1536w, https:\/\/hederafelix.fr\/wp-content\/uploads\/2023\/11\/IMG_20220505_154017-2048x1533.jpg 2048w\" sizes=\"auto, (max-width: 767px) 89vw, (max-width: 1000px) 54vw, (max-width: 1071px) 543px, 580px\" \/><\/figure><div class=\"wp-block-media-text__content\">\n<p>HEDERA FELIX, c\u2019est Viviane, jardini\u00e8re passionn\u00e9e par le v\u00e9g\u00e9tal, qui, apr\u00e8s quelques ann\u00e9es pass\u00e9es dans la fonction publique a choisi d\u2019orienter son parcours professionnel vers la gestion des espaces verts.<\/p>\n<\/div><\/div>\n\n\n\n<div style=\"height:30px\" aria-hidden=\"true\" class=\"wp-block-spacer\"><\/div>\n\n\n\n<h2 class=\"wp-block-heading\">HEDERA FELIX propose un jardinage soign\u00e9 et respectueux de l\u2019environnement<\/h2>\n\n\n\n<ul class=\"wp-block-list\">\n<li>des pratiques de jardinage plus \u00e9cologiques\u00a0: Z\u00e9ro phyto, broyage et compostage des d\u00e9chets du jardin, paillage et couvert v\u00e9g\u00e9tal pour \u00e9viter le d\u00e9veloppement de plantes ind\u00e9sirables, respect des cycles biologiques de la faune et de la flore lors de la taille des arbustes et de la tonte des pelouses, gestion \u00e9conomique de l\u2019eau<\/li>\n\n\n\n<li>des \u00e9missions de CO2 et des nuisances sonores r\u00e9duites : d\u00e8s que c\u2019est possible, des d\u00e9placements en v\u00e9lo \u00e0 assistance \u00e9lectrique et l\u2019utilisation d\u2019outils manuels et sur batterie<\/li>\n\n\n\n<li>une r\u00e9flexion sur l\u2019origine des mati\u00e8res premi\u00e8res et des v\u00e9g\u00e9taux dans les projets<\/li>\n<\/ul>\n","protected":false},"excerpt":{"rendered":"<p>HEDERA FELIX intervient \u00e0 Orry la Ville et aux alentours pour vous accompagner dans l\u2019am\u00e9nagement et l\u2019entretien \u00e9cologiques de vos espaces verts et de vos jardins. HEDERA FELIX, c\u2019est Viviane, jardini\u00e8re passionn\u00e9e par le v\u00e9g\u00e9tal, qui, apr\u00e8s quelques ann\u00e9es pass\u00e9es dans la fonction publique a choisi d\u2019orienter son parcours professionnel vers la gestion des espaces &hellip; <\/p>\n<p class=\"link-more\"><a href=\"https:\/\/hederafelix.fr\/\" class=\"more-link\">Continue reading<span class=\"screen-reader-text\"> &#8220;A propos&#8221;<\/span><\/a><\/p>\n","protected":false},"author":1,"featured_media":529,"parent":0,"menu_order":0,"comment_status":"closed","ping_status":"closed","template":"","meta":{"footnotes":""},"class_list":["post-31","page","type-page","status-publish","has-post-thumbnail","hentry"],"_links":{"self":[{"href":"https:\/\/hederafelix.fr\/index.php\/wp-json\/wp\/v2\/pages\/31","targetHints":{"allow":["GET"]}}],"collection":[{"href":"https:\/\/hederafelix.fr\/index.php\/wp-json\/wp\/v2\/pages"}],"about":[{"href":"https:\/\/hederafelix.fr\/index.php\/wp-json\/wp\/v2\/types\/page"}],"author":[{"embeddable":true,"href":"https:\/\/hederafelix.fr\/index.php\/wp-json\/wp\/v2\/users\/1"}],"replies":[{"embeddable":true,"href":"https:\/\/hederafelix.fr\/index.php\/wp-json\/wp\/v2\/comments?post=31"}],"version-history":[{"count":4,"href":"https:\/\/hederafelix.fr\/index.php\/wp-json\/wp\/v2\/pages\/31\/revisions"}],"predecessor-version":[{"id":528,"href":"https:\/\/hederafelix.fr\/index.php\/wp-json\/wp\/v2\/pages\/31\/revisions\/528"}],"wp:featuredmedia":[{"embeddable":true,"href":"https:\/\/hederafelix.fr\/index.php\/wp-json\/wp\/v2\/media\/529"}],"wp:attachment":[{"href":"https:\/\/hederafelix.fr\/index.php\/wp-json\/wp\/v2\/media?parent=31"}],"curies":[{"name":"wp","href":"https:\/\/api.w.org\/{rel}","templated":true}]}}

<p>HEDERA FELIX intervient à Orry la Ville et aux alentours pour vous accompagner dans l’aménagement et l’entretien écologiques de vos espaces verts et de vos jardins.</p>



<div class="wp-block-media-text is-stacked-on-mobile is-image-fill" style="grid-template-columns:60% auto"><figure class="wp-block-media-text__media" style="background-image:url(https://hederafelix.fr/wp-content/uploads/2023/11/IMG_20220505_154017-1024x767.jpg);background-position:47% 45%"><img loading="lazy" decoding="async" width="1024" height="767" src="https://hederafelix.fr/wp-content/uploads/2023/11/IMG_20220505_154017-1024x767.jpg" alt="" class="wp-image-525 size-large" srcset="https://hederafelix.fr/wp-content/uploads/2023/11/IMG_20220505_154017-1024x767.jpg 1024w, https://hederafelix.fr/wp-content/uploads/2023/11/IMG_20220505_154017-300x225.jpg 300w, https://hederafelix.fr/wp-content/uploads/2023/11/IMG_20220505_154017-768x575.jpg 768w, https://hederafelix.fr/wp-content/uploads/2023/11/IMG_20220505_154017-1536x1150.jpg 1536w, https://hederafelix.fr/wp-content/uploads/2023/11/IMG_20220505_154017-2048x1533.jpg 2048w" sizes="auto, (max-width: 767px) 89vw, (max-width: 1000px) 54vw, (max-width: 1071px) 543px, 580px" /></figure><div class="wp-block-media-text__content">
<p>HEDERA FELIX, c’est Viviane, jardinière passionnée par le végétal, qui, après quelques années passées dans la fonction publique a choisi d’orienter son parcours professionnel vers la gestion des espaces verts.</p>
</div></div>



<div style="height:30px" aria-hidden="true" class="wp-block-spacer"></div>



<h2 class="wp-block-heading">HEDERA FELIX propose un jardinage soigné et respectueux de l’environnement</h2>



<ul class="wp-block-list">
<li>des pratiques de jardinage plus écologiques : Zéro phyto, broyage et compostage des déchets du jardin, paillage et couvert végétal pour éviter le développement de plantes indésirables, respect des cycles biologiques de la faune et de la flore lors de la taille des arbustes et de la tonte des pelouses, gestion économique de l’eau</li>



<li>des émissions de CO2 et des nuisances sonores réduites : dès que c’est possible, des déplacements en vélo à assistance électrique et l’utilisation d’outils manuels et sur batterie</li>



<li>une réflexion sur l’origine des matières premières et des végétaux dans les projets</li>
</ul>

<p>HEDERA FELIX intervient à Orry la Ville et aux alentours pour vous accompagner dans l’aménagement et l’entretien écologiques de vos espaces verts et de vos jardins. HEDERA FELIX, c’est Viviane, jardinière passionnée par le végétal, qui, après quelques années passées dans la fonction publique a choisi d’orienter son parcours professionnel vers la gestion des espaces &hellip; </p>
<p class="link-more"><a href="https://hederafelix.fr/" class="more-link">Continue reading<span class="screen-reader-text"> &#8220;A propos&#8221;</span></a></p>
