{"id":34,"date":"2023-11-28T16:23:21","date_gmt":"2023-11-28T15:23:21","guid":{"rendered":"https:\/\/hederafelix.fr\/?page_id=34"},"modified":"2023-11-30T14:52:16","modified_gmt":"2023-11-30T13:52:16","slug":"services-aux-particuliers","status":"publish","type":"page","link":"https:\/\/hederafelix.fr\/index.php\/services-aux-particuliers\/","title":{"rendered":"Services aux particuliers"},"content":{"rendered":"\n<p>Petits ou grands, d\u00e9j\u00e0 plant\u00e9s ou \u00e0 am\u00e9nager, je me mets au service de tous les jardins&nbsp;!<\/p>\n\n\n\n<div style=\"height:30px\" aria-hidden=\"true\" class=\"wp-block-spacer\"><\/div>\n\n\n\n<div class=\"wp-block-columns are-vertically-aligned-top is-layout-flex wp-container-core-columns-is-layout-9d6595d7 wp-block-columns-is-layout-flex\">\n<div class=\"wp-block-column is-layout-flow wp-block-column-is-layout-flow\">\n<div class=\"wp-block-group\"><div class=\"wp-block-group__inner-container is-layout-flow wp-block-group-is-layout-flow\"><div class=\"wp-block-image\">\n<figure class=\"aligncenter size-medium\"><img loading=\"lazy\" decoding=\"async\" width=\"300\" height=\"212\" src=\"https:\/\/hederafelix.fr\/wp-content\/uploads\/2023\/11\/2304_Jardin-Laetitia-Mathieu_Esquisse-couleur-300x212.jpg\" alt=\"\" class=\"wp-image-48\" style=\"aspect-ratio:4\/3;object-fit:cover\" srcset=\"https:\/\/hederafelix.fr\/wp-content\/uploads\/2023\/11\/2304_Jardin-Laetitia-Mathieu_Esquisse-couleur-300x212.jpg 300w, https:\/\/hederafelix.fr\/wp-content\/uploads\/2023\/11\/2304_Jardin-Laetitia-Mathieu_Esquisse-couleur-1024x724.jpg 1024w, https:\/\/hederafelix.fr\/wp-content\/uploads\/2023\/11\/2304_Jardin-Laetitia-Mathieu_Esquisse-couleur-768x543.jpg 768w, https:\/\/hederafelix.fr\/wp-content\/uploads\/2023\/11\/2304_Jardin-Laetitia-Mathieu_Esquisse-couleur-1536x1087.jpg 1536w, https:\/\/hederafelix.fr\/wp-content\/uploads\/2023\/11\/2304_Jardin-Laetitia-Mathieu_Esquisse-couleur-2048x1449.jpg 2048w\" sizes=\"auto, (max-width: 300px) 100vw, 300px\" \/><\/figure>\n<\/div>\n\n\n<h1 class=\"wp-block-heading alignwide has-text-align-center\" id=\"we-re-a-studio-in-berlin-with-an-international-practice-in-architecture-urban-planning-and-interior-design-we-believe-in-sharing-knowledge-and-promoting-dialogue-to-increase-the-creative-potential-of-collaboration\" style=\"font-size:16px;font-style:normal;font-weight:600;line-height:0.7;text-transform:uppercase\">Conception<\/h1>\n\n\n\n<p class=\"has-text-align-left\" style=\"font-size:14px\">J\u2019effectue un diagnostic de votre jardin, de son environnement et de vos attentes et je vous propose un am\u00e9nagement vivant et r\u00e9pondant \u00e0 vos besoins<\/p>\n<\/div><\/div>\n<\/div>\n\n\n\n<div class=\"wp-block-column is-layout-flow wp-block-column-is-layout-flow\">\n<div class=\"wp-block-group\"><div class=\"wp-block-group__inner-container is-layout-flow wp-block-group-is-layout-flow\"><div class=\"wp-block-image is-style-default\">\n<figure class=\"aligncenter size-medium\"><img loading=\"lazy\" decoding=\"async\" width=\"300\" height=\"225\" src=\"https:\/\/hederafelix.fr\/wp-content\/uploads\/2023\/11\/IMG_20231016_155113-300x225.jpg\" alt=\"\" class=\"wp-image-501\" style=\"object-fit:cover\" srcset=\"https:\/\/hederafelix.fr\/wp-content\/uploads\/2023\/11\/IMG_20231016_155113-300x225.jpg 300w, https:\/\/hederafelix.fr\/wp-content\/uploads\/2023\/11\/IMG_20231016_155113-1024x768.jpg 1024w, https:\/\/hederafelix.fr\/wp-content\/uploads\/2023\/11\/IMG_20231016_155113-768x576.jpg 768w, https:\/\/hederafelix.fr\/wp-content\/uploads\/2023\/11\/IMG_20231016_155113-1536x1152.jpg 1536w, https:\/\/hederafelix.fr\/wp-content\/uploads\/2023\/11\/IMG_20231016_155113-2048x1536.jpg 2048w\" sizes=\"auto, (max-width: 300px) 100vw, 300px\" \/><\/figure>\n<\/div>\n\n\n<h1 class=\"wp-block-heading alignwide has-text-align-center\" id=\"we-re-a-studio-in-berlin-with-an-international-practice-in-architecture-urban-planning-and-interior-design-we-believe-in-sharing-knowledge-and-promoting-dialogue-to-increase-the-creative-potential-of-collaboration\" style=\"font-size:16px;font-style:normal;font-weight:600;line-height:0.7;text-transform:uppercase\">Am\u00e9nagement<\/h1>\n\n\n\n<p class=\"has-text-align-left\" style=\"font-size:14px\">Je r\u00e9alise votre projet&nbsp;: plantation d\u2019arbres, de haies, cr\u00e9ation de massifs, de potagers ou de vergers.<\/p>\n<\/div><\/div>\n<\/div>\n\n\n\n<div class=\"wp-block-column is-layout-flow wp-block-column-is-layout-flow\"><div class=\"wp-block-image is-style-default\">\n<figure class=\"aligncenter size-medium\"><img loading=\"lazy\" decoding=\"async\" width=\"300\" height=\"225\" src=\"https:\/\/hederafelix.fr\/wp-content\/uploads\/2023\/11\/IMG_20230918_105906-300x225.jpg\" alt=\"\" class=\"wp-image-504\" style=\"object-fit:cover\" srcset=\"https:\/\/hederafelix.fr\/wp-content\/uploads\/2023\/11\/IMG_20230918_105906-300x225.jpg 300w, https:\/\/hederafelix.fr\/wp-content\/uploads\/2023\/11\/IMG_20230918_105906-1024x768.jpg 1024w, https:\/\/hederafelix.fr\/wp-content\/uploads\/2023\/11\/IMG_20230918_105906-768x576.jpg 768w, https:\/\/hederafelix.fr\/wp-content\/uploads\/2023\/11\/IMG_20230918_105906-1536x1152.jpg 1536w, https:\/\/hederafelix.fr\/wp-content\/uploads\/2023\/11\/IMG_20230918_105906-2048x1536.jpg 2048w\" sizes=\"auto, (max-width: 300px) 100vw, 300px\" \/><\/figure>\n<\/div>\n\n\n<h1 class=\"wp-block-heading alignwide has-text-align-center\" id=\"we-re-a-studio-in-berlin-with-an-international-practice-in-architecture-urban-planning-and-interior-design-we-believe-in-sharing-knowledge-and-promoting-dialogue-to-increase-the-creative-potential-of-collaboration\" style=\"font-size:16px;font-style:normal;font-weight:600;line-height:0.7;text-transform:uppercase\">Entretien<\/h1>\n\n\n\n<p class=\"has-text-align-left\" style=\"font-size:14px\">Ponctuellement ou plus r\u00e9guli\u00e8rement, j\u2019assure l\u2019entretien de vos espaces verts&nbsp;: taille et tonte, d\u00e9sherbage et entretien des massifs, pr\u00e9paration du potager, &nbsp;compostage<\/p>\n<\/div>\n\n\n\n<div class=\"wp-block-column is-layout-flow wp-block-column-is-layout-flow\">\n<div class=\"wp-block-group\"><div class=\"wp-block-group__inner-container is-layout-flow wp-block-group-is-layout-flow\"><div class=\"wp-block-image is-style-default wp-duotone-unset-1\">\n<figure class=\"aligncenter size-medium\"><img loading=\"lazy\" decoding=\"async\" width=\"300\" height=\"225\" src=\"https:\/\/hederafelix.fr\/wp-content\/uploads\/2023\/11\/point-d-interrogation-naturel-d-herbe-32675408-300x225.jpg\" alt=\"\" class=\"wp-image-520\" style=\"object-fit:cover\" srcset=\"https:\/\/hederafelix.fr\/wp-content\/uploads\/2023\/11\/point-d-interrogation-naturel-d-herbe-32675408-300x225.jpg 300w, https:\/\/hederafelix.fr\/wp-content\/uploads\/2023\/11\/point-d-interrogation-naturel-d-herbe-32675408-1024x768.jpg 1024w, https:\/\/hederafelix.fr\/wp-content\/uploads\/2023\/11\/point-d-interrogation-naturel-d-herbe-32675408-768x576.jpg 768w, https:\/\/hederafelix.fr\/wp-content\/uploads\/2023\/11\/point-d-interrogation-naturel-d-herbe-32675408.jpg 1200w\" sizes=\"auto, (max-width: 300px) 100vw, 300px\" \/><\/figure>\n<\/div>\n\n\n<h1 class=\"wp-block-heading alignwide has-text-align-center\" id=\"we-re-a-studio-in-berlin-with-an-international-practice-in-architecture-urban-planning-and-interior-design-we-believe-in-sharing-knowledge-and-promoting-dialogue-to-increase-the-creative-potential-of-collaboration\" style=\"font-size:16px;font-style:normal;font-weight:600;line-height:0.7;text-transform:uppercase\">Conseil<\/h1>\n\n\n\n<p class=\"has-text-align-left\" style=\"font-size:14px\">Envie de participer \u00e0 l\u2019embellissement de votre jardin&nbsp;et de (re)mettre les mains dans la terre ? Je vous accompagne et nous pouvons jardiner ensemble&nbsp;!<\/p>\n<\/div><\/div>\n<\/div>\n<\/div>\n\n\n\n<div style=\"height:50px\" aria-hidden=\"true\" class=\"wp-block-spacer\"><\/div>\n\n\n\n<h2 class=\"wp-block-heading\">B\u00e9n\u00e9ficiez d\u2019un cr\u00e9dit d\u2019imp\u00f4t pour vos petits travaux de jardinage !<\/h2>\n\n\n\n<p>Si vous effectuez des d\u00e9penses au titre des services \u00e0 la personne dans votre r\u00e9sidence principale ou secondaire, vous pouvez b\u00e9n\u00e9ficier d\u2019un <a href=\"https:\/\/www.servicesalapersonne.gouv.fr\/beneficier-des-sap\/services-la-personne-avantages-fiscaux-et-sociaux-pour-particuliers\">cr\u00e9dit d\u2019imp\u00f4t \u00e9gal \u00e0 50% de ces d\u00e9penses<\/a>, dans une limite de 5 000 \u20ac par an pour les prestations de jardinage.<\/p>\n\n\n\n<p>De nombreuses prestations d\u2019entretien de jardins et d\u2019espaces verts entrent dans le cadre des services \u00e0 la personne&nbsp;: tonte et entretien des pelouses, d\u00e9broussaillage, d\u00e9sherbage, entretien des massifs, arrosage manuel des v\u00e9g\u00e9taux, ramassage des feuilles, taille de haies, fruitiers, rosiers et plantes grimpantes, arbres et arbustes, etc.<\/p>\n\n\n\n<div class=\"wp-block-media-text is-stacked-on-mobile\" style=\"grid-template-columns:35% auto\"><figure class=\"wp-block-media-text__media\"><img loading=\"lazy\" decoding=\"async\" width=\"1000\" height=\"375\" src=\"https:\/\/hederafelix.fr\/wp-content\/uploads\/2023\/11\/unipros-cooperative-sap-logo-fond-clair.png\" alt=\"\" class=\"wp-image-497 size-full\" srcset=\"https:\/\/hederafelix.fr\/wp-content\/uploads\/2023\/11\/unipros-cooperative-sap-logo-fond-clair.png 1000w, https:\/\/hederafelix.fr\/wp-content\/uploads\/2023\/11\/unipros-cooperative-sap-logo-fond-clair-300x113.png 300w, https:\/\/hederafelix.fr\/wp-content\/uploads\/2023\/11\/unipros-cooperative-sap-logo-fond-clair-768x288.png 768w\" sizes=\"auto, (max-width: 767px) 89vw, (max-width: 1000px) 54vw, (max-width: 1071px) 543px, 580px\" \/><\/figure><div class=\"wp-block-media-text__content\">\n<p>Afin de vous faire b\u00e9n\u00e9ficier de cette possibilit\u00e9, HEDERA FELIX est adh\u00e9rente \u00e0 la coop\u00e9rative de services \u00e0 la personne <a href=\"https:\/\/unipros.coop\/\" data-type=\"link\" data-id=\"https:\/\/unipros.coop\/\">UNIPROS<\/a>.<\/p>\n<\/div><\/div>\n","protected":false},"excerpt":{"rendered":"<p>Petits ou grands, d\u00e9j\u00e0 plant\u00e9s ou \u00e0 am\u00e9nager, je me mets au service de tous les jardins&nbsp;! Conception J\u2019effectue un diagnostic de votre jardin, de son environnement et de vos attentes et je vous propose un am\u00e9nagement vivant et r\u00e9pondant \u00e0 vos besoins Am\u00e9nagement Je r\u00e9alise votre projet&nbsp;: plantation d\u2019arbres, de haies, cr\u00e9ation de massifs, &hellip; <\/p>\n<p class=\"link-more\"><a href=\"https:\/\/hederafelix.fr\/index.php\/services-aux-particuliers\/\" class=\"more-link\">Continue reading<span class=\"screen-reader-text\"> &#8220;Services aux particuliers&#8221;<\/span><\/a><\/p>\n","protected":false},"author":1,"featured_media":561,"parent":0,"menu_order":0,"comment_status":"closed","ping_status":"closed","template":"","meta":{"footnotes":""},"class_list":["post-34","page","type-page","status-publish","has-post-thumbnail","hentry"],"_links":{"self":[{"href":"https:\/\/hederafelix.fr\/index.php\/wp-json\/wp\/v2\/pages\/34","targetHints":{"allow":["GET"]}}],"collection":[{"href":"https:\/\/hederafelix.fr\/index.php\/wp-json\/wp\/v2\/pages"}],"about":[{"href":"https:\/\/hederafelix.fr\/index.php\/wp-json\/wp\/v2\/types\/page"}],"author":[{"embeddable":true,"href":"https:\/\/hederafelix.fr\/index.php\/wp-json\/wp\/v2\/users\/1"}],"replies":[{"embeddable":true,"href":"https:\/\/hederafelix.fr\/index.php\/wp-json\/wp\/v2\/comments?post=34"}],"version-history":[{"count":13,"href":"https:\/\/hederafelix.fr\/index.php\/wp-json\/wp\/v2\/pages\/34\/revisions"}],"predecessor-version":[{"id":522,"href":"https:\/\/hederafelix.fr\/index.php\/wp-json\/wp\/v2\/pages\/34\/revisions\/522"}],"wp:featuredmedia":[{"embeddable":true,"href":"https:\/\/hederafelix.fr\/index.php\/wp-json\/wp\/v2\/media\/561"}],"wp:attachment":[{"href":"https:\/\/hederafelix.fr\/index.php\/wp-json\/wp\/v2\/media?parent=34"}],"curies":[{"name":"wp","href":"https:\/\/api.w.org\/{rel}","templated":true}]}}

<p>Petits ou grands, déjà plantés ou à aménager, je me mets au service de tous les jardins&nbsp;!</p>



<div style="height:30px" aria-hidden="true" class="wp-block-spacer"></div>



<div class="wp-block-columns are-vertically-aligned-top is-layout-flex wp-container-core-columns-is-layout-9d6595d7 wp-block-columns-is-layout-flex">
<div class="wp-block-column is-layout-flow wp-block-column-is-layout-flow">
<div class="wp-block-group"><div class="wp-block-group__inner-container is-layout-flow wp-block-group-is-layout-flow"><div class="wp-block-image">
<figure class="aligncenter size-medium"><img loading="lazy" decoding="async" width="300" height="212" src="https://hederafelix.fr/wp-content/uploads/2023/11/2304_Jardin-Laetitia-Mathieu_Esquisse-couleur-300x212.jpg" alt="" class="wp-image-48" style="aspect-ratio:4/3;object-fit:cover" srcset="https://hederafelix.fr/wp-content/uploads/2023/11/2304_Jardin-Laetitia-Mathieu_Esquisse-couleur-300x212.jpg 300w, https://hederafelix.fr/wp-content/uploads/2023/11/2304_Jardin-Laetitia-Mathieu_Esquisse-couleur-1024x724.jpg 1024w, https://hederafelix.fr/wp-content/uploads/2023/11/2304_Jardin-Laetitia-Mathieu_Esquisse-couleur-768x543.jpg 768w, https://hederafelix.fr/wp-content/uploads/2023/11/2304_Jardin-Laetitia-Mathieu_Esquisse-couleur-1536x1087.jpg 1536w, https://hederafelix.fr/wp-content/uploads/2023/11/2304_Jardin-Laetitia-Mathieu_Esquisse-couleur-2048x1449.jpg 2048w" sizes="auto, (max-width: 300px) 100vw, 300px" /></figure>
</div>


<h1 class="wp-block-heading alignwide has-text-align-center" id="we-re-a-studio-in-berlin-with-an-international-practice-in-architecture-urban-planning-and-interior-design-we-believe-in-sharing-knowledge-and-promoting-dialogue-to-increase-the-creative-potential-of-collaboration" style="font-size:16px;font-style:normal;font-weight:600;line-height:0.7;text-transform:uppercase">Conception</h1>



<p class="has-text-align-left" style="font-size:14px">J’effectue un diagnostic de votre jardin, de son environnement et de vos attentes et je vous propose un aménagement vivant et répondant à vos besoins</p>
</div></div>
</div>



<div class="wp-block-column is-layout-flow wp-block-column-is-layout-flow">
<div class="wp-block-group"><div class="wp-block-group__inner-container is-layout-flow wp-block-group-is-layout-flow"><div class="wp-block-image is-style-default">
<figure class="aligncenter size-medium"><img loading="lazy" decoding="async" width="300" height="225" src="https://hederafelix.fr/wp-content/uploads/2023/11/IMG_20231016_155113-300x225.jpg" alt="" class="wp-image-501" style="object-fit:cover" srcset="https://hederafelix.fr/wp-content/uploads/2023/11/IMG_20231016_155113-300x225.jpg 300w, https://hederafelix.fr/wp-content/uploads/2023/11/IMG_20231016_155113-1024x768.jpg 1024w, https://hederafelix.fr/wp-content/uploads/2023/11/IMG_20231016_155113-768x576.jpg 768w, https://hederafelix.fr/wp-content/uploads/2023/11/IMG_20231016_155113-1536x1152.jpg 1536w, https://hederafelix.fr/wp-content/uploads/2023/11/IMG_20231016_155113-2048x1536.jpg 2048w" sizes="auto, (max-width: 300px) 100vw, 300px" /></figure>
</div>


<h1 class="wp-block-heading alignwide has-text-align-center" id="we-re-a-studio-in-berlin-with-an-international-practice-in-architecture-urban-planning-and-interior-design-we-believe-in-sharing-knowledge-and-promoting-dialogue-to-increase-the-creative-potential-of-collaboration" style="font-size:16px;font-style:normal;font-weight:600;line-height:0.7;text-transform:uppercase">Aménagement</h1>



<p class="has-text-align-left" style="font-size:14px">Je réalise votre projet&nbsp;: plantation d’arbres, de haies, création de massifs, de potagers ou de vergers.</p>
</div></div>
</div>



<div class="wp-block-column is-layout-flow wp-block-column-is-layout-flow"><div class="wp-block-image is-style-default">
<figure class="aligncenter size-medium"><img loading="lazy" decoding="async" width="300" height="225" src="https://hederafelix.fr/wp-content/uploads/2023/11/IMG_20230918_105906-300x225.jpg" alt="" class="wp-image-504" style="object-fit:cover" srcset="https://hederafelix.fr/wp-content/uploads/2023/11/IMG_20230918_105906-300x225.jpg 300w, https://hederafelix.fr/wp-content/uploads/2023/11/IMG_20230918_105906-1024x768.jpg 1024w, https://hederafelix.fr/wp-content/uploads/2023/11/IMG_20230918_105906-768x576.jpg 768w, https://hederafelix.fr/wp-content/uploads/2023/11/IMG_20230918_105906-1536x1152.jpg 1536w, https://hederafelix.fr/wp-content/uploads/2023/11/IMG_20230918_105906-2048x1536.jpg 2048w" sizes="auto, (max-width: 300px) 100vw, 300px" /></figure>
</div>


<h1 class="wp-block-heading alignwide has-text-align-center" id="we-re-a-studio-in-berlin-with-an-international-practice-in-architecture-urban-planning-and-interior-design-we-believe-in-sharing-knowledge-and-promoting-dialogue-to-increase-the-creative-potential-of-collaboration" style="font-size:16px;font-style:normal;font-weight:600;line-height:0.7;text-transform:uppercase">Entretien</h1>



<p class="has-text-align-left" style="font-size:14px">Ponctuellement ou plus régulièrement, j’assure l’entretien de vos espaces verts&nbsp;: taille et tonte, désherbage et entretien des massifs, préparation du potager, &nbsp;compostage</p>
</div>



<div class="wp-block-column is-layout-flow wp-block-column-is-layout-flow">
<div class="wp-block-group"><div class="wp-block-group__inner-container is-layout-flow wp-block-group-is-layout-flow"><div class="wp-block-image is-style-default wp-duotone-unset-1">
<figure class="aligncenter size-medium"><img loading="lazy" decoding="async" width="300" height="225" src="https://hederafelix.fr/wp-content/uploads/2023/11/point-d-interrogation-naturel-d-herbe-32675408-300x225.jpg" alt="" class="wp-image-520" style="object-fit:cover" srcset="https://hederafelix.fr/wp-content/uploads/2023/11/point-d-interrogation-naturel-d-herbe-32675408-300x225.jpg 300w, https://hederafelix.fr/wp-content/uploads/2023/11/point-d-interrogation-naturel-d-herbe-32675408-1024x768.jpg 1024w, https://hederafelix.fr/wp-content/uploads/2023/11/point-d-interrogation-naturel-d-herbe-32675408-768x576.jpg 768w, https://hederafelix.fr/wp-content/uploads/2023/11/point-d-interrogation-naturel-d-herbe-32675408.jpg 1200w" sizes="auto, (max-width: 300px) 100vw, 300px" /></figure>
</div>


<h1 class="wp-block-heading alignwide has-text-align-center" id="we-re-a-studio-in-berlin-with-an-international-practice-in-architecture-urban-planning-and-interior-design-we-believe-in-sharing-knowledge-and-promoting-dialogue-to-increase-the-creative-potential-of-collaboration" style="font-size:16px;font-style:normal;font-weight:600;line-height:0.7;text-transform:uppercase">Conseil</h1>



<p class="has-text-align-left" style="font-size:14px">Envie de participer à l’embellissement de votre jardin&nbsp;et de (re)mettre les mains dans la terre ? Je vous accompagne et nous pouvons jardiner ensemble&nbsp;!</p>
</div></div>
</div>
</div>



<div style="height:50px" aria-hidden="true" class="wp-block-spacer"></div>



<h2 class="wp-block-heading">Bénéficiez d’un crédit d’impôt pour vos petits travaux de jardinage !</h2>



<p>Si vous effectuez des dépenses au titre des services à la personne dans votre résidence principale ou secondaire, vous pouvez bénéficier d’un <a href="https://www.servicesalapersonne.gouv.fr/beneficier-des-sap/services-la-personne-avantages-fiscaux-et-sociaux-pour-particuliers">crédit d’impôt égal à 50% de ces dépenses</a>, dans une limite de 5 000 € par an pour les prestations de jardinage.</p>



<p>De nombreuses prestations d’entretien de jardins et d’espaces verts entrent dans le cadre des services à la personne&nbsp;: tonte et entretien des pelouses, débroussaillage, désherbage, entretien des massifs, arrosage manuel des végétaux, ramassage des feuilles, taille de haies, fruitiers, rosiers et plantes grimpantes, arbres et arbustes, etc.</p>



<div class="wp-block-media-text is-stacked-on-mobile" style="grid-template-columns:35% auto"><figure class="wp-block-media-text__media"><img loading="lazy" decoding="async" width="1000" height="375" src="https://hederafelix.fr/wp-content/uploads/2023/11/unipros-cooperative-sap-logo-fond-clair.png" alt="" class="wp-image-497 size-full" srcset="https://hederafelix.fr/wp-content/uploads/2023/11/unipros-cooperative-sap-logo-fond-clair.png 1000w, https://hederafelix.fr/wp-content/uploads/2023/11/unipros-cooperative-sap-logo-fond-clair-300x113.png 300w, https://hederafelix.fr/wp-content/uploads/2023/11/unipros-cooperative-sap-logo-fond-clair-768x288.png 768w" sizes="auto, (max-width: 767px) 89vw, (max-width: 1000px) 54vw, (max-width: 1071px) 543px, 580px" /></figure><div class="wp-block-media-text__content">
<p>Afin de vous faire bénéficier de cette possibilité, HEDERA FELIX est adhérente à la coopérative de services à la personne <a href="https://unipros.coop/" data-type="link" data-id="https://unipros.coop/">UNIPROS</a>.</p>
</div></div>

<p>Petits ou grands, déjà plantés ou à aménager, je me mets au service de tous les jardins&nbsp;! Conception J’effectue un diagnostic de votre jardin, de son environnement et de vos attentes et je vous propose un aménagement vivant et répondant à vos besoins Aménagement Je réalise votre projet&nbsp;: plantation d’arbres, de haies, création de massifs, &hellip; </p>
<p class="link-more"><a href="https://hederafelix.fr/index.php/services-aux-particuliers/" class="more-link">Continue reading<span class="screen-reader-text"> &#8220;Services aux particuliers&#8221;</span></a></p>
